{"id":2249,"date":"2020-12-26T21:24:48","date_gmt":"2020-12-26T21:24:48","guid":{"rendered":"https:\/\/mhimmo.de\/?page_id=2249"},"modified":"2020-12-26T21:37:57","modified_gmt":"2020-12-26T21:37:57","slug":"datenschutzerklaerung-2","status":"publish","type":"page","link":"https:\/\/mhimmo.de\/?page_id=2249","title":{"rendered":"Widerrufsrecht f\u00fcr Verbraucher"},"content":{"rendered":"\t\t<div data-elementor-type=\"wp-page\" data-elementor-id=\"2249\" class=\"elementor elementor-2249\">\n\t\t\t\t\t\t<section class=\"elementor-section elementor-top-section elementor-element elementor-element-4b921a74 elementor-section-boxed elementor-section-height-default elementor-section-height-default\" data-id=\"4b921a74\" data-element_type=\"section\">\n\t\t\t\t\t\t<div class=\"elementor-container elementor-column-gap-default\">\n\t\t\t\t\t<div class=\"elementor-column elementor-col-100 elementor-top-column elementor-element elementor-element-4b97e48d\" data-id=\"4b97e48d\" data-element_type=\"column\">\n\t\t\t<div class=\"elementor-widget-wrap elementor-element-populated\">\n\t\t\t\t\t\t<div class=\"elementor-element elementor-element-1114bb83 elementor-widget elementor-widget-text-editor\" data-id=\"1114bb83\" data-element_type=\"widget\" data-widget_type=\"text-editor.default\">\n\t\t\t\t<div class=\"elementor-widget-container\">\n\t\t\t\t\t\t\t\t\t<div class=\"sppb-addon-content\"><p>Sie haben das Recht, binnen vierzehn Tagen ohne Angabe von Gr\u00fcnden diesen Vertrag zu widerrufen.\u00a0Die Widerrufsfrist betr\u00e4gt vierzehn Tage ab dem Tag des Vertragsabschlusses.\u00a0<\/p><p>Um Ihr Widerrufsrecht auszu\u00fcben, m\u00fcssen Sie uns MH Immobilien Monika Haumann, An der Erdinger Str. 13, 85447 Fraunberg (OT Tittenkofen), Tel.: 08122\/995050, Fax.: 08122\/995055, Mobil: 0175\/5833655 E-Mail: <a href=\"mailto:mh@mhimmo.de\">mh@mhimmo.de<\/a> mittels einer eindeutigen Erkl\u00e4rung (z.B. ein mit der Post versandter Brief, Telefax oder E-Mail) \u00fcber Ihren Entschluss, diesen Vertrag zu widerrufen, informieren. Sie k\u00f6nnen daf\u00fcr das beigef\u00fcgte Muster-Widerrufsformular verwenden, das jedoch nicht vorgeschrieben ist.\u00a0<\/p><p>Zur Wahrung der Widerrufsfrist reicht es aus, dass Sie die Mitteilung \u00fcber die Aus\u00fcbung des Widerrufsrechts vor Ablauf der Widerrufsfrist absenden.\u00a0<\/p><p><strong>Folgen des Widerrufs<\/strong><\/p><p>Wenn Sie diesen Vertrag widerrufen, haben wir Ihnen alle Zahlungen, die wir von Ihnen erhalten haben, einschlie\u00dflich der Lieferkosten (mit Ausnahme der zus\u00e4tzlichen Kosten, die sich daraus ergeben, dass Sie eine andere Art der Lieferung als die von uns angebotene, g\u00fcnstigste Standardlieferung gew\u00e4hlt haben), unverz\u00fcglich und sp\u00e4testens binnen vierzehn Tagen ab dem Tag zur\u00fcckzuzahlen, an dem die Mitteilung \u00fcber Ihren Widerruf dieses Vertrags bei uns eingegangen ist. F\u00fcr diese R\u00fcckzahlung verwenden wir dasselbe Zahlungsmittel, das Sie bei der urspr\u00fcnglichen Transaktion eingesetzt haben, es sei denn, mit Ihnen wurde ausdr\u00fccklich etwas anderes vereinbart; in keinem Fall werden Ihnen wegen dieser R\u00fcckzahlung Entgelte berechnet.\u00a0<\/p><p>Haben Sie verlangt, dass die Dienstleistungen w\u00e4hrend der Widerrufsfrist beginnen soll, so haben Sie uns einen angemessenen Betrag zu zahlen, der dem Anteil der bis zu dem Zeitpunkt, zu dem Sie uns von der Aus\u00fcbung des Widerrufsrechts hinsichtlich dieses Vertrags unterrichten, bereits erbrachten Dienstleistungen im Vergleich zum Gesamtumfang der im Vertrag vorgesehenen Dienstleistung entspricht.\u00a0<\/p><p><strong>Hinweis zum vorzeitigen\u00a0Erl\u00f6schen des Widerrufsrechts<\/strong><\/p><p>Ihr Widerrufsrecht erlischt bei einem Vertrag zur Erbringung von Dienstleistungen vorzeitig, wenn wir die Dienstleistung vollst\u00e4ndig erbracht haben und mit der Ausf\u00fchrung der Dienstleistung erst begonnen haben, nachdem Sie dazu Ihre ausdr\u00fcckliche Zustimmung gegeben haben und gleichzeitig Ihre Kenntnis davon best\u00e4tigt haben, dass Sie Ihr Widerrufsrecht bei vollst\u00e4ndiger Vertragserf\u00fcllung durch uns verlieren.\u00a0<\/p><p><strong>Muster-Widerrufsformular\u00a0<\/strong><\/p><p>Wenn Sie den Vertrag widerrufen wollen, dann f\u00fcllen Sie bitte dieses Formular aus und senden Sie es zur\u00fcck an:<\/p><p>MH Immobilien Monika Haumann, An der Erdinger Str. 13, 85447 Fraunberg OT Tittenkofen, Tel.: 08122\/995050, Fax: 08122\/995055, E-Mail: <a href=\"mailto:mh@mhimmo.de\">mh@mhimmo.de<\/a>\u00a0<br \/>Hiermit widerrufe(n) ich\/wir (*) den von mir\/uns (*) abgeschlossenen Vertrag \u00fcber den Kauf der folgenden Waren (*)\/ die Erbringung der folgenden Dienstleistung (*)\u00a0<\/p><p>Bestellt am (*)\/erhalten am (*)\u00a0<br \/>Name des\/der Verbraucher(s)\u00a0<br \/>Anschrift\u00a0des\/der Verbraucher(s)\u00a0<\/p><\/div>\t\t\t\t\t\t\t\t<\/div>\n\t\t\t\t<\/div>\n\t\t\t\t\t<\/div>\n\t\t<\/div>\n\t\t\t\t\t<\/div>\n\t\t<\/section>\n\t\t\t\t<\/div>\n\t\t","protected":false},"excerpt":{"rendered":"<p>Sie haben das Recht, binnen vierzehn Tagen ohne Angabe von Gr\u00fcnden diesen Vertrag zu widerrufen.\u00a0Die Widerrufsfrist betr\u00e4gt vierzehn Tage ab dem Tag des Vertragsabschlusses.\u00a0 Um Ihr Widerrufsrecht auszu\u00fcben, m\u00fcssen Sie uns MH Immobilien Monika Haumann, An der Erdinger Str. 13, 85447 Fraunberg (OT Tittenkofen), Tel.: 08122\/995050, Fax.: 08122\/995055, Mobil: 0175\/5833655 E-Mail: mh@mhimmo.de mittels einer eindeutigen [&hellip;]<\/p>\n","protected":false},"author":1,"featured_media":0,"parent":0,"menu_order":0,"comment_status":"closed","ping_status":"closed","template":"","meta":{"footnotes":""},"class_list":["post-2249","page","type-page","status-publish","hentry"],"yoast_head":"<!-- This site is optimized with the Yoast SEO plugin v26.8 - https:\/\/yoast.com\/product\/yoast-seo-wordpress\/ -->\n<title>Widerrufsrecht f\u00fcr Verbraucher - MH Immobilien Monika Haumann<\/title>\n<meta name=\"robots\" content=\"index, follow, max-snippet:-1, max-image-preview:large, max-video-preview:-1\" \/>\n<link rel=\"canonical\" href=\"https:\/\/mhimmo.de\/?page_id=2249\" \/>\n<meta property=\"og:locale\" content=\"de_DE\" \/>\n<meta property=\"og:type\" content=\"article\" \/>\n<meta property=\"og:title\" content=\"Widerrufsrecht f\u00fcr Verbraucher - MH Immobilien Monika Haumann\" \/>\n<meta property=\"og:description\" content=\"Sie haben das Recht, binnen vierzehn Tagen ohne Angabe von Gr\u00fcnden diesen Vertrag zu widerrufen.\u00a0Die Widerrufsfrist betr\u00e4gt vierzehn Tage ab dem Tag des Vertragsabschlusses.\u00a0 Um Ihr Widerrufsrecht auszu\u00fcben, m\u00fcssen Sie uns MH Immobilien Monika Haumann, An der Erdinger Str. 13, 85447 Fraunberg (OT Tittenkofen), Tel.: 08122\/995050, Fax.: 08122\/995055, Mobil: 0175\/5833655 E-Mail: mh@mhimmo.de mittels einer eindeutigen [&hellip;]\" \/>\n<meta property=\"og:url\" content=\"https:\/\/mhimmo.de\/?page_id=2249\" \/>\n<meta property=\"og:site_name\" content=\"MH Immobilien Monika Haumann\" \/>\n<meta property=\"article:modified_time\" content=\"2020-12-26T21:37:57+00:00\" \/>\n<meta name=\"twitter:card\" content=\"summary_large_image\" \/>\n<meta name=\"twitter:label1\" content=\"Gesch\u00e4tzte Lesezeit\" \/>\n\t<meta name=\"twitter:data1\" content=\"2\u00a0Minuten\" \/>\n<script type=\"application\/ld+json\" class=\"yoast-schema-graph\">{\"@context\":\"https:\/\/schema.org\",\"@graph\":[{\"@type\":\"WebPage\",\"@id\":\"https:\/\/mhimmo.de\/?page_id=2249\",\"url\":\"https:\/\/mhimmo.de\/?page_id=2249\",\"name\":\"Widerrufsrecht f\u00fcr Verbraucher - MH Immobilien Monika Haumann\",\"isPartOf\":{\"@id\":\"https:\/\/mhimmo.de\/#website\"},\"datePublished\":\"2020-12-26T21:24:48+00:00\",\"dateModified\":\"2020-12-26T21:37:57+00:00\",\"breadcrumb\":{\"@id\":\"https:\/\/mhimmo.de\/?page_id=2249#breadcrumb\"},\"inLanguage\":\"de\",\"potentialAction\":[{\"@type\":\"ReadAction\",\"target\":[\"https:\/\/mhimmo.de\/?page_id=2249\"]}]},{\"@type\":\"BreadcrumbList\",\"@id\":\"https:\/\/mhimmo.de\/?page_id=2249#breadcrumb\",\"itemListElement\":[{\"@type\":\"ListItem\",\"position\":1,\"name\":\"Startseite\",\"item\":\"https:\/\/mhimmo.de\/\"},{\"@type\":\"ListItem\",\"position\":2,\"name\":\"Widerrufsrecht f\u00fcr Verbraucher\"}]},{\"@type\":\"WebSite\",\"@id\":\"https:\/\/mhimmo.de\/#website\",\"url\":\"https:\/\/mhimmo.de\/\",\"name\":\"MH Immobilien Monika Haumann\",\"description\":\"Ihr Immobilienmakler in Erding und Umgebung\",\"potentialAction\":[{\"@type\":\"SearchAction\",\"target\":{\"@type\":\"EntryPoint\",\"urlTemplate\":\"https:\/\/mhimmo.de\/?s={search_term_string}\"},\"query-input\":{\"@type\":\"PropertyValueSpecification\",\"valueRequired\":true,\"valueName\":\"search_term_string\"}}],\"inLanguage\":\"de\"}]}<\/script>\n<!-- \/ Yoast SEO plugin. -->","yoast_head_json":{"title":"Widerrufsrecht f\u00fcr Verbraucher - MH Immobilien Monika Haumann","robots":{"index":"index","follow":"follow","max-snippet":"max-snippet:-1","max-image-preview":"max-image-preview:large","max-video-preview":"max-video-preview:-1"},"canonical":"https:\/\/mhimmo.de\/?page_id=2249","og_locale":"de_DE","og_type":"article","og_title":"Widerrufsrecht f\u00fcr Verbraucher - MH Immobilien Monika Haumann","og_description":"Sie haben das Recht, binnen vierzehn Tagen ohne Angabe von Gr\u00fcnden diesen Vertrag zu widerrufen.\u00a0Die Widerrufsfrist betr\u00e4gt vierzehn Tage ab dem Tag des Vertragsabschlusses.\u00a0 Um Ihr Widerrufsrecht auszu\u00fcben, m\u00fcssen Sie uns MH Immobilien Monika Haumann, An der Erdinger Str. 13, 85447 Fraunberg (OT Tittenkofen), Tel.: 08122\/995050, Fax.: 08122\/995055, Mobil: 0175\/5833655 E-Mail: mh@mhimmo.de mittels einer eindeutigen [&hellip;]","og_url":"https:\/\/mhimmo.de\/?page_id=2249","og_site_name":"MH Immobilien Monika Haumann","article_modified_time":"2020-12-26T21:37:57+00:00","twitter_card":"summary_large_image","twitter_misc":{"Gesch\u00e4tzte Lesezeit":"2\u00a0Minuten"},"schema":{"@context":"https:\/\/schema.org","@graph":[{"@type":"WebPage","@id":"https:\/\/mhimmo.de\/?page_id=2249","url":"https:\/\/mhimmo.de\/?page_id=2249","name":"Widerrufsrecht f\u00fcr Verbraucher - MH Immobilien Monika Haumann","isPartOf":{"@id":"https:\/\/mhimmo.de\/#website"},"datePublished":"2020-12-26T21:24:48+00:00","dateModified":"2020-12-26T21:37:57+00:00","breadcrumb":{"@id":"https:\/\/mhimmo.de\/?page_id=2249#breadcrumb"},"inLanguage":"de","potentialAction":[{"@type":"ReadAction","target":["https:\/\/mhimmo.de\/?page_id=2249"]}]},{"@type":"BreadcrumbList","@id":"https:\/\/mhimmo.de\/?page_id=2249#breadcrumb","itemListElement":[{"@type":"ListItem","position":1,"name":"Startseite","item":"https:\/\/mhimmo.de\/"},{"@type":"ListItem","position":2,"name":"Widerrufsrecht f\u00fcr Verbraucher"}]},{"@type":"WebSite","@id":"https:\/\/mhimmo.de\/#website","url":"https:\/\/mhimmo.de\/","name":"MH Immobilien Monika Haumann","description":"Ihr Immobilienmakler in Erding und Umgebung","potentialAction":[{"@type":"SearchAction","target":{"@type":"EntryPoint","urlTemplate":"https:\/\/mhimmo.de\/?s={search_term_string}"},"query-input":{"@type":"PropertyValueSpecification","valueRequired":true,"valueName":"search_term_string"}}],"inLanguage":"de"}]}},"_links":{"self":[{"href":"https:\/\/mhimmo.de\/index.php?rest_route=\/wp\/v2\/pages\/2249","targetHints":{"allow":["GET"]}}],"collection":[{"href":"https:\/\/mhimmo.de\/index.php?rest_route=\/wp\/v2\/pages"}],"about":[{"href":"https:\/\/mhimmo.de\/index.php?rest_route=\/wp\/v2\/types\/page"}],"author":[{"embeddable":true,"href":"https:\/\/mhimmo.de\/index.php?rest_route=\/wp\/v2\/users\/1"}],"replies":[{"embeddable":true,"href":"https:\/\/mhimmo.de\/index.php?rest_route=%2Fwp%2Fv2%2Fcomments&post=2249"}],"version-history":[{"count":8,"href":"https:\/\/mhimmo.de\/index.php?rest_route=\/wp\/v2\/pages\/2249\/revisions"}],"predecessor-version":[{"id":2261,"href":"https:\/\/mhimmo.de\/index.php?rest_route=\/wp\/v2\/pages\/2249\/revisions\/2261"}],"wp:attachment":[{"href":"https:\/\/mhimmo.de\/index.php?rest_route=%2Fwp%2Fv2%2Fmedia&parent=2249"}],"curies":[{"name":"wp","href":"https:\/\/api.w.org\/{rel}","templated":true}]}}